 q and 640?
20
Let o = 959 + -951. Calculate the greatest common factor of o and 632.
8
Let r be ((-1)/(-1))/(10/5110). Suppose -108 = -513*n + r*n. Calculate the highest common divisor of 135 and n.
27
Suppose 126 = -3*g + 4*g. Let r = g + -98. Calculate the highest common factor of 6 and r.
2
Suppose -2*m + 2*d + 10402 = 0, 5*d - 5183 = -6*m + 5*m. Calculate the highest common divisor of m and 92.
46
Let q(s) = 343*s - 2935. Let m be q(9). What is the highest common factor of m and 855?
19
Let z(x) = 3*x - 24. Let h be z(4). Let j(q) = -q**2 - 14*q - 1. Let p be j(h). What is the greatest common divisor of 368 and p?
23
Let g = 296 - 280. Let s(f) = f**2 - f - 6. Let t be s(6). What is the highest common factor of g and t?
8
Let n(h) = -3*h - 3. Let q be n(-1). Suppose q = 4*u - 1188 - 312. What is the highest common factor of u and 15?
15
Let c(y) = y + 3. Let r be c(-2). Let t = 379 + -381. Let x be (4/(-3))/r*90/t. What is the highest common factor of x and 45?
15
Let t = -571 - -588. What is the greatest common factor of t and 5321?
17
Suppose -14*r - 16*r = 2910 - 35910. Calculate the highest common divisor of r and 200.
100
Suppose -s + 4*z = 239 + 398, 4*z - 1871 = 3*s. Let d = s - -685. What is the highest common factor of d and 782?
34
Suppose 2*w = -2*j + 24, -289*j + 284*j + 15 = 0. Calculate the highest common factor of w and 15.
3
Let a = 15388 + -14200. What is the highest common factor of 492 and a?
12
Suppose j = -25*j + 623 + 5201. Let r be (-1)/(-2)*0 + 32. What is the greatest common divisor of j and r?
32
Suppose s + 1 = 0, -15*s - 360 = -5*f - 10*s. What is the highest common factor of 9727 and f?
71
Let p = -6622 - -6860. What is the highest common factor of p and 1071?
119
Suppose -10*t + 15*t - 340 = -5*n, -n = 2*t - 138. What is the greatest common divisor of 1428 and t?
14
Suppose 23*x - 152056 = -60*x. What is the highest common divisor of 1603 and x?
229
Suppose 10 = -q - 4*x, 4*q - 3*x = -11 + 47. Suppose -273*o + 151*o + 373 = 251*o. Calculate the greatest common factor of o and q.
1
Suppose 3*y + 523*q = 525*q + 53857, y + 4*q = 17915. What is the highest common divisor of 131 and y?
131
Let t = -639 + 771. Let c(w) = -2*w**2 + 8*w + 6. Let i be c(4). What is the greatest common factor of i and t?
6
Let z = -280 - -413. Let f = z - 1. What is the highest common divisor of 176 and f?
44
Let t = -278 + 294. What is the highest common divisor of 9136 and t?
16
Let t(p) = 7*p**2 - 3*p - 5. Let n be t(-1). Suppose 3*o + 126 = n*o. Calculate the greatest common factor of 36 and o.
9
Suppose -5*z + 44 - 165 = 3*a, 0 = z + 5*a + 33. Suppose 2*k + 54 + 46 = 0. Let u = z - k. Calculate the greatest common factor of 297 and u.
27
Let p = -36 + -24. Let k be p/80 - (-1 + 6/(-8)). Suppose -5*r = -o - k, -2*o + 1 = -5*r - 2. What is the highest common factor of r and 5?
1
Let t(l) = -2*l + 12 - 6 + 10. Let r(k) = -k**3 + 12*k**2 - 11*k + 7. Let x be r(11). Let u be t(x). Calculate the greatest common factor of u and 10.
2
Let z be ((-2)/(-17) + 3924/(-2142))/((-2)/980). Let j = -4 - -74. Calculate the highest common divisor of z and j.
70
Let h(q) = -95*q + 2. Let r = -13 + 8. Let y be h(r). Suppose b - 8 = 0, 273 = -21*k + 26*k + b. Calculate the greatest common divisor of k and y.
53
Let n be -181 + 7/((-28)/16)*-1. Let i = 184 + n. Suppose 4*w + 28 = 8*w. Calculate the greatest common factor of w and i.
7
Let k(n) = -3*n - 42. Let t be k(-16). Let i be ((-24)/(-2))/(-4) + 382. Suppose -115 + i = 4*r. Calculate the greatest common factor of t and r.
6
Suppose 0 = -i + 200 - 74. Suppose -45*m = -38*m - 1764. Let z = m - 168. Calculate the highest common divisor of i and z.
42
Suppose 3*d - 239 - 239 = -472. What is the highest common divisor of d and 1438?
2
Let v = 2178 - 1100. Suppose -p - v = -5*k, 5*p - 11 = -1. What is the greatest common divisor of k and 24?
24
Let b = -199 - -487. Let l = b - 274. What is the greatest common factor of 21 and l?
7
Suppose 3*a = -3 - 0. Let d be -109*a/1 - (-5 + 4). Calculate the highest common factor of d and 11.
11
Suppose 0 = 4*q + 4, 4*r = -34*q + 32*q + 1510. What is the highest common factor of r and 1848?
42
Let b be (-37)/74 - 62/(-4). Suppose -13*z - 467 = -2612. Calculate the greatest common divisor of z and b.
15
Let w(q) = -3*q**3 - q**2 - 5*q. Let l be w(-3). Let z = l + -87. Suppose 4*g + 2*j - 90 + 4 = z, 0 = -4*j + 4. What is the greatest common divisor of 7 and g?
7
Suppose 0 = -3*z - 12, 4*h - 5*z = 58 + 10. Suppose -5*x + 41 = -39. Let f = 38 + x. Calculate the highest common factor of h and f.
6
Let b = -70 - -165. Suppose 6*q = 1397 - b. What is the greatest common factor of q and 21?
7
Suppose 3*v + 4*x - 901 = 5*x, x = -18*v + 5399. Calculate the greatest common divisor of 72 and v.
12
Suppose -3*v - 1 = 2*q, -3*v = -2*q - 42 + 47. Calculate the highest common divisor of 49 and q.
1
Suppose 12*g = -5421 + 16089. Suppose 671 = 6*k - g. What is the highest common factor of k and 40?
20
Let t = 390 + -219. Suppose -52 = -32*z + 30*z. Let p = z - 17. Calculate the greatest common factor of p and t.
9
Suppose -r - 3*p = -3, -3*r = -2*p - 4 - 5. Suppose 5*t - 239 = -2*y, r*y - 11*t + 6*t = 346. Calculate the highest common divisor of y and 9.
9
Let y(a) = 5*a**2 + 7*a - 20. Let b be y(3). Suppose -4*n + 656 = 104. What is the highest common factor of n and b?
46
Let d = -199 - -61. Let x = -126 - d. What is the greatest common factor of 48 and x?
12
Suppose 5*i = -18 - 12. Let j be (-1 - 1)/(i + 4). Suppose -9*z + 54*z = 315. What is the highest common factor of z and j?
1
Let h be 78/26 - (-18 - -1). Suppose -y = 4*n - 28, 3*n - 5*n + 20 = 2*y. Suppose h + 58 = n*g. What is the highest common factor of g and 104?
13
Let d(x) = 34*x - 572. Let z be d(23). Calculate the greatest common factor of 330 and z.
30
Suppose 0 = 2*c - 4. Let o = 169 + -163. Suppose -o*b + 3*w = -4*b - 26, 5*w = -b. Calculate the highest common factor of c and b.
2
Let d be 33418/5 + 19/(2185/(-184)). What is the highest common factor of d and 26?
26
Suppose 97*c + 92*c - 184*c = 2100. What is the highest common divisor of c and 588?
84
Let z be (2 + -1)*(-227 + (-5)/5). Let x be z/(-14) - (3 + (-57)/21). Suppose x*m = 2*m + 2450. Calculate the greatest common divisor of 70 and m.
35
Let d = -201 - -203. Suppose 58*b = 57*b + d, -22 = -i + 2*b. Calculate the greatest common divisor of i and 1118.
26
Let f be -39 - -8*6/(-24). Let t = f - -60. Calculate the greatest common divisor of 475 and t.
19
Suppose 21*j - 58 = 16*j - x, 29 = 4*j - 5*x. What is the highest common factor of j and 22?
11
Let g(i) = -34*i - 99. Let t be g(-5). Suppose 4*o - 89 = 1155. Suppose 0 = -6*c - t + o. What is the greatest common divisor of 60 and c?
20
Let d = -3009 + 9358. What is the highest common divisor of 14 and d?
7
Suppose -2*o + 279 = 3*z + 32, 492 = 4*o + 4*z. Calculate the highest common divisor of o and 6.
2
Suppose -4*m + 11 = -3*b, -2*m + 8 = 4. Let n be 4 + b + 34 + 38. Suppose 4*a = 2*v + 70, 3*a - 2*v + 2 = 57. Calculate the greatest common factor of n and a.
15
Let c(m) = -m**3 + 11*m**2 - 10*m + 17. Let f be c(10). Let g = 1712 - 1253. Calculate the greatest common divisor of g and f.
17
Suppose 4*o = -2*y + 7*o + 12, -y = 2*o + 8. Suppose 2*q - 7*q + 345 = y. Calculate the greatest common divisor of q and 253.
23
Let s = 1022 + -362. Suppose 0*r = -4*r + s. Let k be (-30)/(4 + 42/(-7)). Calculate the highest common divisor of k and r.
15
Suppose 29*a + 1570 = 7515. Calculate the highest common divisor of 15 and a.
5
Suppose -24*t - 81*t = -9*t - 1056. Calculate the highest common factor of t and 53.
1
Let u = 20400 + -11897. Calculate the greatest common divisor of u and 22.
11
Let p = -156267 - -156717. Let h = 71 + -21. What is the highest common divisor of h and p?
50
Let k = -5895 + 5937. Calculate the highest common divisor of 2254 and k.
14
Suppose -8*g + 20*g = -196*g + 67392. What is the greatest common divisor of 12 and g?
12
Let g(u) = -66*u**3 + u**2 + 15*u + 127. Let z be g(-6). What is the greatest common factor of z and 322?
161
Let v be 3*3*(-1)/3 + 4. Let z(g) = 109*g**2 + 10*g - 11. Let h be z(v). Calculate the greatest common factor of h and 144.
36
Suppose 0 = -162*p + 165*p